y + 14. Let f(u) = u**3 + u + 1. Determine f(o).
-1
Let n(g) = 2*g + 6. Let z(t) = 2. Let r(b) = -2*n(b) + 6*z(b). Let p be 1*(2 - (-18)/(-2)). Let m(u) = -u**3 - 6*u**2 + 6*u - 6. Let x be m(p). Determine r(x).
-4
Let f(x) be the first derivative of -8*x**3/3 + x**2/2 + x - 10. Let n = 9 + -5. Suppose 3 = m + n. Calculate f(m).
-8
Let h be 0 - (6/(-3) + -18). Let a = 25 - h. Let v(w) = -w + 1. Give v(a).
-4
Let o(h) be the third derivative of h**5/60 - h**4/4 - 5*h**3/6 - h**2. Suppose 12*x = 21*x - 45. Give o(x).
-10
Suppose -16 - 1 = 4*i - 3*l, 2*l - 14 = 3*i. Let x(o) = o**3 + 8*o**2 - 8. Determine x(i).
-8
Let c(s) = s**2 + 3*s - 7. Suppose g + 4 = 3*r, g + 5 = 1. Suppose r = 113*a - 109*a + 20. Calculate c(a).
3
Let u(j) = 27*j - 20*j + 4*j - 2 - 6*j - j**2. Give u(6).
-8
Let a be 4/12 - 16/3. Let r(q) be the second derivative of 5/6*q**3 + 1/2*q**2 + 1/12*q**4 - 11*q + 0. Calculate r(a).
1
Let q(p) = -2*p - 5. Suppose 10 + 10 = 5*b - 5*s, 4*b + 2*s = 16. Give q(b).
-13
Let x(i) = -i - 9. Let j(n) = -3*n - 18. Let w(k) = -3*j(k) + 7*x(k). What is w(7)?
5
Let q(d) = d. Let l(c) = 3*c + 1. Suppose x + 4*n - n - 4 = 0, -16 = -4*x + n. Let w(p) = x*q(p) - l(p). Let u(b) = 13*b - 106. Let o be u(8). Give w(o).
-3
Let l(d) = 2*d + 6. Let h be 2 + (-37)/5 + (-2)/(-5). Let b(u) = -u**3 - 5*u**2 + u + 1. Let p be b(h). Calculate l(p).
-2
Suppose 3*f + 25 = 15*h - 10*h, 5*f - 10 = -2*h. Let m(y) = -y - 3. Calculate m(h).
-8
Let o(p) = -2*p**2 + 3 + 873*p - 871*p + 3*p**2 - 2*p**2. Give o(7).
-32
Suppose 0 = -5*l + 5*l - l. Let c(k) = 1 + 1 - 3 + l - k. Calculate c(-1).
0
Let c = -2223 + 2228. Let s(a) = a - 13. Calculate s(c).
-8
Suppose 3*k + 6 = -0. Let w(j) = -5*j**3 + 2*j + 1. Let l be w(-1). Let c(g) = 4*g - l*g**2 - 5*g + 3*g**2. Calculate c(k).
-2
Let l(y) = y**2 - 18*y + 40. Let k be l(15). Suppose -3*n = -5*v - 76, 5*n + 3*v + v = 139. Let c(j) = -j - n + 28 + 2*j. What is c(k)?
-4
Let q(o) be the third derivative of -o**5/60 - o**4/3 + 5*o**3/6 + 6*o**2 + 13. Calculate q(-5).
20
Let c(h) = -h**3 - 1. Let y be c(-1). Suppose -5*b = -4*r - 8 - 0, b - 5*r + 11 = y. Let k(o) = b - 2*o + 4*o - o - 2. Determine k(-6).
-4
Let a(n) = -18*n**3 + n**2 - 1. Let v = -116 - -115. What is a(v)?
18
Let l(n) = 7*n**3 + 12*n**2 - 13*n. Let p = 2 + -1. Let u(g) = g**3 + g**2 - g. Let h(a) = p*l(a) - 6*u(a). What is h(-7)?
0
Suppose 2*k + 8 = 4*m - 10, -5*m + 3*k = -24. Let q be 12 - (0 + m) - 2. Let y(l) = l - 7. Calculate y(q).
0
Let t(n) be the third derivative of -n**5/12 - n**4/8 - n**3/6 - 184*n**2. What is t(-2)?
-15
Let n(f) = 4*f - 14*f**2 + 4*f**3 - 8*f**2 - 5*f**3 + 5*f**2 + 6*f**2 + 6. Calculate n(-11).
-38
Let w(v) be the first derivative of -v**2 - v + 13. Suppose -16 = -5*j + j - 4*q, -3*j - 4*q + 14 = 0. Calculate w(j).
-5
Let v = -7 + 4. Let d(g) = 4*g**2 + 3*g - 5. Let o(c) = -48*c + 1 + 44*c + 4 - 3*c**2. Let p(j) = v*o(j) - 2*d(j). Determine p(-7).
2
Suppose 1 = -2*j - 3. Let s(l) = -28 + l - 28 + 4*l + 59. What is s(j)?
-7
Let j(y) = -y**2 + 5*y - 4. Let l be (-1)/(5/(-25)) - -53. Let o = 61 - l. What is j(o)?
2
Let v(b) be the second derivative of 2/3*b**3 + 22*b - 1/2*b**2 + 0. Give v(1).
3
Let b(f) = -f**2 + 3*f + 3. Let v(x) = x**3 - 6*x**2 - 3*x - 24. Let j be v(7). Determine b(j).
-1
Let h(s) = -s + 4. Let z(a) = -5*a + 18. Let f(t) = 3*h(t) - z(t). What is f(0)?
-6
Suppose -14 = -5*w - 4*g, 5*w - 2 = 4*g + 4. Let d be (-7)/(14/(-16)) - w. Let v(l) = -10 - 4*l + l**3 + 2*l + 1 + d*l**2. Calculate v(-6).
3
Let n = -33 + 33. Suppose 0 = c - k - n + 3, -3*k = -c - 1. Let d(r) = 26*r + 2 + 0 - 21*r. Calculate d(c).
-18
Let c(m) = 8*m + 1. Let q be (-3 - (-33)/9)/((-2)/15). Determine c(q).
-39
Let c(w) = -41 - 10*w + 84 + 24 + 2*w. Give c(9).
-5
Let t(h) = -4 + h**3 + h - 2849*h**2 - 1 + 1 + 2841*h**2. What is t(8)?
4
Let i(l) be the third derivative of -l**4/8 + 7*l**3/6 + 35*l**2 - 2*l. Give i(-8).
31
Let x(h) = 2*h**2 - 8*h - 20. Let k be x(6). Let t(b) be the third derivative of 3*b**2 + 1/6*b**3 + 0*b + 0*b**k - 1/60*b**5 + 0. What is t(-3)?
-8
Let s = 0 - 1. Let k(u) = 6*u + 8. Let y(b) = b + 2. Let f be 0 - -2 - 9/9. Let j(c) = f*k(c) - 4*y(c). Calculate j(s).
-2
Let u(t) = -4*t**3 - 2*t**2 + t. Suppose -20*g - 41 = -61. What is u(g)?
-5
Suppose 5*o + 2 = -48. Let u(c) = -c**3 - 11*c**2 - 8*c + 2. Determine u(o).
-18
Let r(i) = 61 - 178 - 2*i**3 + 53 + i**2 + 62 - i. Give r(0).
-2
Suppose 0 = g - 13 + 9. Suppose 0 = -5*q + g*k - 10 + 58, 2*q + 2*k - 12 = 0. Let s(p) = -11 + 3*p**2 + 2*p + p**3 + q - 5*p. Determine s(-4).
-7
Let c(s) = -5*s + 2. Let r(g) = g**2 - 2*g - 4. Let n be r(4). Suppose -p - 2 = -n. Give c(p).
-8
Let r(m) = m**2 - 2*m - 9. Let s(k) = k**2 + 34*k + 185. Let d be s(-27). Calculate r(d).
15
Let a(l) = 6*l**3 + 103 + 2*l - 105 - 5*l**3. Determine a(2).
10
Let g(y) = y**2 + 9*y + 9. Suppose 7 + 1 = -x. Let n be g(x). Let b(c) = -5*c**2 + c - 1. Determine b(n).
-5
Let p(x) = -x - 4. Let w(z) = 6*z + 17. Let v(a) = 9*p(a) + 2*w(a). Determine v(-5).
-17
Let g(k) = -k**3 + 10*k**2 - k + 9. Suppose -80 = -8*l - 0. Give g(l).
-1
Let h(s) = 3*s**2 + 4. Suppose -3*c - 4*o - 14 = -7, 3*o + 27 = 5*c. Give h(c).
31
Let y = 10 - 30. Let d = y + 14. Let c be (-20)/d - 12/(-18). Let f(w) = w**3 - 2*w**2 - 5*w - 1. Give f(c).
11
Let q(f) be the second derivative of -f**5/20 + f**3/6 + 9*f**2/2 - 159*f. Give q(0).
9
Let q(i) = i**3 + 11*i**2 - 14*i - 22. Suppose 4*s = -2*l - 14 - 10, -4*s = -5*l - 60. Determine q(l).
2
Let u(w) = 3*w + 38. Let r be u(-13). Let q(v) = -5*v**2 + v. Let y(p) = -p**2. Let g(c) = r*q(c) + 4*y(c). Determine g(1).
0
Suppose 9*r - 12 + 84 = 0. Let k(v) = v**2 + 8*v - 6. Calculate k(r).
-6
Let x be (-85)/(-35) - (-3)/(-7). Suppose -x*b + 2*p = -2, -b + 2*p + 7 = 4*p. Let a(z) = -1 - 4*z**2 + b*z**2 - 5*z - 1 + 0*z**2. What is a(-5)?
-2
Let t(m) = 4*m**2 - m - 2. Let w(c) be the second derivative of -5*c**4/12 + c**2 + 7*c. Let v(f) = 6*t(f) + 5*w(f). Give v(-6).
-2
Let q be (24/(-14))/(9/(-42)). Suppose q*m = m + 7. Let n be m/2*4 + -1. Let l(w) = -4*w + 1. Give l(n).
-3
Let i(p) = -2*p + 8. Let k(q) = 3*q - 13. Let n(y) = -8*i(y) - 5*k(y). Give n(-7).
-6
Let q(m) = -5*m**3 - 7*m**2 - 14*m + 14. Let h(k) = 4*k**3 + 7*k**2 + 13*k - 13. Let s(g) = 6*h(g) + 5*q(g). What is s(8)?
-8
Let c(j) = 2*j - 6. Suppose -106*a + 112*a - 18 = 0. Determine c(a).
0
Let s be (-97)/9 - 18/81. Let t(f) = -f**2 - 12*f - 7. Let n be t(s). Suppose n*l - 12 = l. Let r(y) = -2*y + 4. Determine r(l).
-4
Suppose -7*c = -9 + 51. Let a(s) = -s + 13. Let w be a(c). Let l = -25 + w. Let o(m) = m**2 + 6*m + 1. Calculate o(l).
1
Suppose -3*t = d + 2, d + t = -2*d + 2. Let a(b) be the third derivative of 0*b + 4*b**2 + 0 + 1/12*b**4 + 1/6*b**3. What is a(d)?
3
Let l(d) = 556 - 6*d**2 - d**3 - 276 - 5*d - 287. Let x be (-48)/(-3 + (-1 - -3)). Let q be x/(-10) - 3/15. What is l(q)?
-7
Let t(r) = -2 + 129*r - 132*r + 1 - 2*r**2 + 0*r**3 + r**3. Determine t(4).
19
Let c(z) = 106 - 57 - 5*z - 57 + 0*z. Calculate c(9).
-53
Let y(b) = -b**3 + 2*b - 2. Let v be y(-2). Let m(l) = 3*l - 8. Let a(j) = -12*j + 33. Let q(c) = v*a(c) + 9*m(c). Calculate q(6).
12
Let k be -4*(-6)/(-4)*(-5)/15. Suppose -k*j - 1 = -5, -17 = 5*q - j. Let x(t) = -t**3 - 3*t**2 - 2*t - 4. Determine x(q).
2
Suppose -2*i + 20 - 72 = 0. Let o = i - -23. Let x(s) = s**2 + 5*s. Give x(o).
-6
Suppose 3*t - 10 = -q, 0 = -5*t + 3*t + 2*q + 20. Let m = 6 - t. Let c(p) = 5*p - 4 + m - p**2 + 4 + 1. Give c(4).
6
Let h = 22 + -28. Let v(r) = -12*r**3 - 3*r - 20. Let k(n) = 4*n**3 + n + 7. Let s(a) = h*v(a) - 17*k(a). Calculate s(-1).
-4
Let l(v) be the third derivative of v**4/8 + 7*v**3/6 + 4*v**2 + 49. Give l(6).
25
Let t(p) = -p. Let u(r) = 2*r + 3. Let g be u(0). Suppose i - g*i = 10. Let y(f) = f**3 + 4*f**2 - 5*f - 3. Let a be y(i). Give t(a).
3
Let h = 4147/84 - 338/7. Let x(a) be the second derivative of -h*a**4 + 0*a**2 + 10*a + 0 + 1/6*a**3. What is x(1)?
-12
Let o(g) be the first derivative of -g**4/4 + g**3/3 - 3*g**2/2 + 2*g - 24. Let a(b) = -b**3 - 6*b**2 - 7*b - 8. Let x be a(-5). Calculate o(x).
-8
Let r(h) = -2*h - 1. Let x be ((-15)/20)/((-6)/16). Let j be x/((-1)/2*-1). Suppose j - 10 = n. Calculate r(n).
11
Let r(v) = v**2 - 2*v - 1. Let f(a) = 3*a**2 - 19*